74.6.23.14 - - [08/Jun/2007:01:14:24 -0400] "GET / HTTP/1.0" 200 - www.davemease.com "-" "Mozilla/5.0 (compatible; Yahoo! Slurp; http://help.yahoo.com/help/us/ysearch/slurp)" "-"
74.6.22.36 - - [08/Jun/2007:01:25:50 -0400] "GET /football/SAScode.html HTTP/1.0" 304 - www.davemease.com "-" "Mozilla/5.0 (compatible; Yahoo! Slurp; http://help.yahoo.com/help/us/ysearch/slurp)" "-"
128.194.135.94 - - [08/Jun/2007:02:26:52 -0400] "GET /robots.txt HTTP/1.1" 404 2294 www.davemease.com "-" "IRLbot/3.0 (compatible; MSIE 6.0; http://irl.cs.tamu.edu/crawler)" "-"
128.194.135.94 - - [08/Jun/2007:02:53:54 -0400] "GET /football/ HTTP/1.1" 200 280535 www.davemease.com "-" "IRLbot/3.0 (compatible; MSIE 6.0; http://irl.cs.tamu.edu/crawler)" "-"
71.158.182.6 - - [08/Jun/2007:03:02:49 -0400] "GET / HTTP/1.1" 200 2784 www.davemease.com "http://www.google.com/search?q=david+mease&start=0&ie=utf-8&oe=utf-8&client=firefox-a&rls=org.mozilla:en-US:official" "Mozilla/5.0 (Windows; U; Windows NT 5.1; en-US; rv:1.8.0.12) Gecko/20070508 Firefox/1.5.0.12" "-"
71.158.182.6 - - [08/Jun/2007:03:02:51 -0400] "GET /mease.jpg HTTP/1.1" 200 4583 www.davemease.com "http://www.davemease.com/" "Mozilla/5.0 (Windows; U; Windows NT 5.1; en-US; rv:1.8.0.12) Gecko/20070508 Firefox/1.5.0.12" "-"
71.158.182.6 - - [08/Jun/2007:03:02:52 -0400] "GET /favicon.ico HTTP/1.1" 404 2295 www.davemease.com "-" "Mozilla/5.0 (compatible; Google Desktop)" "-"
71.158.182.6 - - [08/Jun/2007:03:02:52 -0400] "GET /favicon.ico HTTP/1.1" 404 2295 www.davemease.com "-" "Mozilla/5.0 (Windows; U; Windows NT 5.1; en-US; rv:1.8.0.12) Gecko/20070508 Firefox/1.5.0.12" "-"
74.6.19.105 - - [08/Jun/2007:03:19:44 -0400] "GET /robots.txt HTTP/1.0" 404 2294 www.davemease.com "-" "Mozilla/5.0 (compatible; Yahoo! Slurp; http://help.yahoo.com/help/us/ysearch/slurp)" "-"
74.6.28.154 - - [08/Jun/2007:03:20:36 -0400] "GET /football HTTP/1.0" 301 238 www.davemease.com "-" "Mozilla/5.0 (compatible; Yahoo! Slurp; http://help.yahoo.com/help/us/ysearch/slurp)" "-"
74.6.28.154 - - [08/Jun/2007:03:21:04 -0400] "GET /football/ HTTP/1.0" 200 280535 www.davemease.com "-" "Mozilla/5.0 (compatible; Yahoo! Slurp; http://help.yahoo.com/help/us/ysearch/slurp)" "-"
74.6.28.154 - - [08/Jun/2007:03:25:21 -0400] "GET /football/ HTTP/1.0" 200 280535 www.davemease.com "-" "Mozilla/5.0 (compatible; Yahoo! Slurp; http://help.yahoo.com/help/us/ysearch/slurp)" "-"
74.6.86.207 - - [08/Jun/2007:04:16:54 -0400] "GET /robots.txt HTTP/1.0" 404 2308 www.on-line-teaching-videos.com "-" "Mozilla/5.0 (compatible; Yahoo! Slurp; http://help.yahoo.com/help/us/ysearch/slurp)" "-"
74.6.85.232 - - [08/Jun/2007:04:16:54 -0400] "GET /quiz_solutions HTTP/1.0" 301 258 www.on-line-teaching-videos.com "-" "Mozilla/5.0 (compatible; Yahoo! Slurp; http://help.yahoo.com/help/us/ysearch/slurp)" "-"
74.6.85.232 - - [08/Jun/2007:04:17:04 -0400] "GET /quiz_solutions/ HTTP/1.0" 200 1903 www.on-line-teaching-videos.com "-" "Mozilla/5.0 (compatible; Yahoo! Slurp; http://help.yahoo.com/help/us/ysearch/slurp)" "-"
74.6.19.105 - - [08/Jun/2007:04:31:52 -0400] "GET /robots.txt HTTP/1.0" 404 2294 www.davemease.com "-" "Mozilla/5.0 (compatible; Yahoo! Slurp; http://help.yahoo.com/help/us/ysearch/slurp)" "-"
74.6.28.231 - - [08/Jun/2007:04:32:42 -0400] "GET /papers HTTP/1.0" 301 236 www.davemease.com "-" "Mozilla/5.0 (compatible; Yahoo! Slurp; http://help.yahoo.com/help/us/ysearch/slurp)" "-"
74.6.28.231 - - [08/Jun/2007:04:33:33 -0400] "GET /papers/ HTTP/1.0" 200 1510 www.davemease.com "-" "Mozilla/5.0 (compatible; Yahoo! Slurp; http://help.yahoo.com/help/us/ysearch/slurp)" "-"
128.12.138.12 - - [08/Jun/2007:04:43:22 -0400] "GET / HTTP/1.1" 200 2784 www.davemease.com "http://members.accesstoledo.com/measefam/mease_cv.html" "Mozilla/4.0 (compatible; MSIE 7.0; Windows NT 5.1; EmbeddedWB 14.52 from: http://www.bsalsa.com/ EmbeddedWB 14.52; .NET CLR 1.1.4322; .NET CLR 2.0.50727)" "-"
128.12.138.12 - - [08/Jun/2007:04:43:22 -0400] "GET /mease.jpg HTTP/1.1" 200 4583 www.davemease.com "http://www.davemease.com/" "Mozilla/4.0 (compatible; MSIE 7.0; Windows NT 5.1; EmbeddedWB 14.52 from: http://www.bsalsa.com/ EmbeddedWB 14.52; .NET CLR 1.1.4322; .NET CLR 2.0.50727)" "-"
128.12.138.12 - - [08/Jun/2007:04:43:22 -0400] "GET /favicon.ico HTTP/1.1" 404 2295 www.davemease.com "-" "Mozilla/4.0 (compatible; MSIE 7.0; Windows NT 5.1; EmbeddedWB 14.52 from: http://www.bsalsa.com/ EmbeddedWB 14.52; .NET CLR 1.1.4322; .NET CLR 2.0.50727)" "-"
128.194.135.94 - - [08/Jun/2007:07:11:24 -0400] "GET /football/SAScode.html HTTP/1.1" 200 19371 www.davemease.com "-" "IRLbot/3.0 (compatible; MSIE 6.0; http://irl.cs.tamu.edu/crawler)" "-"
74.6.86.207 - - [08/Jun/2007:07:16:57 -0400] "GET /robots.txt HTTP/1.0" 404 2308 www.on-line-teaching-videos.com "-" "Mozilla/5.0 (compatible; Yahoo! Slurp; http://help.yahoo.com/help/us/ysearch/slurp)" "-"
74.6.87.25 - - [08/Jun/2007:07:17:09 -0400] "GET /homework_solutions HTTP/1.0" 301 262 www.on-line-teaching-videos.com "-" "Mozilla/5.0 (compatible; Yahoo! Slurp; http://help.yahoo.com/help/us/ysearch/slurp)" "-"
74.6.87.25 - - [08/Jun/2007:07:18:19 -0400] "GET /homework_solutions/ HTTP/1.0" 200 1598 www.on-line-teaching-videos.com "-" "Mozilla/5.0 (compatible; Yahoo! Slurp; http://help.yahoo.com/help/us/ysearch/slurp)" "-"
128.194.135.94 - - [08/Jun/2007:07:25:28 -0400] "GET / HTTP/1.1" 200 2784 www.davemease.com "-" "IRLbot/3.0 (compatible; MSIE 6.0; http://irl.cs.tamu.edu/crawler)" "-"
128.194.135.94 - - [08/Jun/2007:07:48:51 -0400] "GET /football/Rcode.html HTTP/1.1" 200 21115 www.davemease.com "-" "IRLbot/3.0 (compatible; MSIE 6.0; http://irl.cs.tamu.edu/crawler)" "-"
74.6.19.105 - - [08/Jun/2007:08:13:04 -0400] "GET /robots.txt HTTP/1.0" 404 2294 www.davemease.com "-" "Mozilla/5.0 (compatible; Yahoo! Slurp; http://help.yahoo.com/help/us/ysearch/slurp)" "-"
74.6.26.102 - - [08/Jun/2007:08:13:51 -0400] "GET / HTTP/1.0" 200 2784 www.davemease.com "-" "Mozilla/5.0 (compatible; Yahoo! Slurp; http://help.yahoo.com/help/us/ysearch/slurp)" "-"
74.6.75.26 - - [08/Jun/2007:08:51:38 -0400] "GET /robots.txt HTTP/1.0" 404 2294 www.davemease.com "-" "Mozilla/5.0 (compatible; Yahoo! Slurp; http://help.yahoo.com/help/us/ysearch/slurp)" "-"
74.6.66.38 - - [08/Jun/2007:08:51:39 -0400] "GET / HTTP/1.0" 200 2784 www.davemease.com "-" "Mozilla/5.0 (compatible; Yahoo! Slurp; http://help.yahoo.com/help/us/ysearch/slurp)" "-"
65.214.45.100 - - [08/Jun/2007:09:12:13 -0400] "GET /robots.txt HTTP/1.0" 404 2308 www.on-line-teaching-videos.com "-" "Mozilla/5.0 (compatible; Ask Jeeves/Teoma; +http://about.ask.com/en/docs/about/webmasters.shtml)" "-"
65.214.45.100 - - [08/Jun/2007:09:12:14 -0400] "GET / HTTP/1.0" 403 626 www.on-line-teaching-videos.com "-" "Mozilla/5.0 (compatible; Ask Jeeves/Teoma; +http://about.ask.com/en/docs/about/webmasters.shtml)" "-"
128.194.135.94 - - [08/Jun/2007:10:57:20 -0400] "GET /football HTTP/1.1" 301 250 www.davemease.com "-" "IRLbot/3.0 (compatible; MSIE 6.0; http://irl.cs.tamu.edu/crawler)" "-"
128.194.135.94 - - [08/Jun/2007:10:58:32 -0400] "GET /papers HTTP/1.1" 301 248 www.davemease.com "-" "IRLbot/3.0 (compatible; MSIE 6.0; http://irl.cs.tamu.edu/crawler)" "-"
194.75.139.233 - - [08/Jun/2007:11:13:44 -0400] "GET /football/SAScode.html HTTP/1.1" 200 19371 www.davemease.com "http://www.google.co.uk/search?hl=en&q=code+rank+sas&meta=" "Mozilla/4.0 (compatible; MSIE 6.0; Windows NT 5.1; SV1; .NET CLR 1.1.4322; InfoPath.1)" "-"
69.236.78.185 - - [08/Jun/2007:14:14:29 -0400] "GET /football/ HTTP/1.1" 200 280535 www.davemease.com "-" "Mozilla/5.0 (Windows; U; Windows NT 5.1; en-US; rv:1.8.1.4) Gecko/20070515 Firefox/2.0.0.4" "-"
65.214.45.101 - - [08/Jun/2007:14:21:21 -0400] "GET /robots.txt HTTP/1.0" 404 2294 www.davemease.com "-" "Mozilla/5.0 (compatible; Ask Jeeves/Teoma; +http://about.ask.com/en/docs/about/webmasters.shtml)" "-"
65.214.45.101 - - [08/Jun/2007:14:21:21 -0400] "GET /football/Rcode.html HTTP/1.0" 200 21115 www.davemease.com "-" "Mozilla/5.0 (compatible; Ask Jeeves/Teoma; +http://about.ask.com/en/docs/about/webmasters.shtml)" "-"
74.6.75.26 - - [08/Jun/2007:14:57:53 -0400] "GET /robots.txt HTTP/1.0" 404 2294 www.davemease.com "-" "Mozilla/5.0 (compatible; Yahoo! Slurp; http://help.yahoo.com/help/us/ysearch/slurp)" "-"
74.6.73.91 - - [08/Jun/2007:14:57:54 -0400] "GET / HTTP/1.0" 200 - www.davemease.com "-" "Mozilla/5.0 (compatible; Yahoo! Slurp; http://help.yahoo.com/help/us/ysearch/slurp)" "-"
206.19.9.70 - - [08/Jun/2007:15:21:44 -0400] "GET /homework.html HTTP/1.1" 200 7482 www.on-line-teaching-videos.com "http://www.google.com/search?hl=en&q=how+to+make+an+ogive+on+excel" "Mozilla/4.0 (compatible; MSIE 7.0; Windows NT 5.1; Hotbar 4.4.5.0; .NET CLR 1.1.4322)" "-"
206.19.9.70 - - [08/Jun/2007:15:21:45 -0400] "GET /favicon.ico HTTP/1.1" 404 2309 www.on-line-teaching-videos.com "-" "Mozilla/4.0 (compatible; MSIE 7.0; Windows NT 5.1; Hotbar 4.4.5.0; .NET CLR 1.1.4322)" "-"
74.6.87.40 - - [08/Jun/2007:15:26:32 -0400] "GET /robots.txt HTTP/1.0" 404 2294 www.davemease.com "-" "Mozilla/5.0 (compatible; Yahoo! Slurp; http://help.yahoo.com/help/us/ysearch/slurp)" "-"
74.6.85.212 - - [08/Jun/2007:15:26:32 -0400] "GET /football HTTP/1.0" 301 238 www.davemease.com "-" "Mozilla/5.0 (compatible; Yahoo! Slurp; http://help.yahoo.com/help/us/ysearch/slurp)" "-"
74.6.85.212 - - [08/Jun/2007:15:26:42 -0400] "GET /football/ HTTP/1.0" 200 280535 www.davemease.com "-" "Mozilla/5.0 (compatible; Yahoo! Slurp; http://help.yahoo.com/help/us/ysearch/slurp)" "-"
65.57.245.11 - - [08/Jun/2007:15:45:12 -0400] "GET /football/ HTTP/1.1" 200 280535 www.davemease.com "-" "Mozilla/5.0 (Windows; U; Windows NT 5.1; en-US; rv:1.8.1.4) Gecko/20070515 Firefox/2.0.0.4" "-"
65.57.245.11 - - [08/Jun/2007:15:45:17 -0400] "GET /favicon.ico HTTP/1.1" 404 2295 www.davemease.com "-" "Mozilla/5.0 (Windows; U; Windows NT 5.1; en-US; rv:1.8.1.4) Gecko/20070515 Firefox/2.0.0.4" "-"
67.180.0.139 - - [08/Jun/2007:16:17:38 -0400] "GET / HTTP/1.1" 200 2784 www.davemease.com "http://www.google.com/search?hl=en&q=david+mease" "Mozilla/4.0 (compatible; MSIE 6.0; Windows NT 5.1; SV1; .NET CLR 1.1.4322)" "-"
67.180.0.139 - - [08/Jun/2007:16:17:38 -0400] "GET /favicon.ico HTTP/1.1" 404 2295 www.davemease.com "-" "Mozilla/4.0 (compatible; MSIE 6.0; Windows NT 5.1; SV1; .NET CLR 1.1.4322)" "-"
206.228.97.5 - - [08/Jun/2007:17:57:06 -0400] "GET / HTTP/1.1" 403 626 www.on-line-teaching-videos.com "-" "Mozilla/4.0 (compatible; MSIE 6.0; Windows NT 5.1; SV1; .NET CLR 1.1.4322)" "-"
206.228.97.5 - - [08/Jun/2007:17:57:17 -0400] "GET /on-line-teaching-videos HTTP/1.1" 301 265 www.davemease.com "-" "Mozilla/4.0 (compatible; MSIE 6.0; Windows NT 5.1; SV1; .NET CLR 1.1.4322)" "-"
206.228.97.5 - - [08/Jun/2007:17:57:17 -0400] "GET /on-line-teaching-videos/ HTTP/1.1" 403 626 www.davemease.com "-" "Mozilla/4.0 (compatible; MSIE 6.0; Windows NT 5.1; SV1; .NET CLR 1.1.4322)" "-"
206.228.97.5 - - [08/Jun/2007:17:57:20 -0400] "GET /on-line-teaching-videos/ HTTP/1.1" 403 626 www.davemease.com "-" "Mozilla/4.0 (compatible; MSIE 6.0; Windows NT 5.1; SV1; .NET CLR 1.1.4322)" "-"
206.228.97.5 - - [08/Jun/2007:18:22:35 -0400] "GET / HTTP/1.1" 200 - www.stats202.com "-" "Mozilla/4.0 (compatible; MSIE 6.0; Windows NT 5.1; SV1; .NET CLR 1.1.4322)" "-"
206.228.97.5 - - [08/Jun/2007:18:23:40 -0400] "GET / HTTP/1.1" 200 - www.stats202.com "http://mail.google.com/mail/?ik=256d80fcdb&view=cv&search=sent&th=1130cbba6386e8bf&ww=1379&cvap=8&qt=&zx=6d0i7n3dfb5x" "Mozilla/4.0 (compatible; MSIE 6.0; Windows NT 5.1; SV1; .NET CLR 1.1.4322)" "-"
24.99.151.26 - - [08/Jun/2007:18:40:48 -0400] "GET / HTTP/1.1" 200 - www.davemease.com "http://www.google.com/search?hl=en&q=david+mease" "Mozilla/4.0 (compatible; MSIE 7.0; Windows NT 5.1; .NET CLR 1.1.4322; InfoPath.1; .NET CLR 2.0.50727)" "-"
24.99.151.26 - - [08/Jun/2007:18:40:48 -0400] "GET /mease.jpg HTTP/1.1" 304 - www.davemease.com "http://www.davemease.com/" "Mozilla/4.0 (compatible; MSIE 7.0; Windows NT 5.1; .NET CLR 1.1.4322; InfoPath.1; .NET CLR 2.0.50727)" "-"
24.99.151.26 - - [08/Jun/2007:18:40:51 -0400] "GET /papers HTTP/1.1" 301 248 www.davemease.com "http://www.davemease.com/" "Mozilla/4.0 (compatible; MSIE 7.0; Windows NT 5.1; .NET CLR 1.1.4322; InfoPath.1; .NET CLR 2.0.50727)" "-"
24.99.151.26 - - [08/Jun/2007:18:40:51 -0400] "GET /papers/ HTTP/1.1" 200 1510 www.davemease.com "http://www.davemease.com/" "Mozilla/4.0 (compatible; MSIE 7.0; Windows NT 5.1; .NET CLR 1.1.4322; InfoPath.1; .NET CLR 2.0.50727)" "-"
66.249.67.1 - - [08/Jun/2007:19:33:20 -0400] "GET /robots.txt HTTP/1.1" 404 2308 www.on-line-teaching-videos.com "-" "Mozilla/5.0 (compatible; Googlebot/2.1; +http://www.google.com/bot.html)" "-"
66.249.67.1 - - [08/Jun/2007:19:33:20 -0400] "GET /homework_solutions/ HTTP/1.1" 200 - www.on-line-teaching-videos.com "-" "Mozilla/5.0 (compatible; Googlebot/2.1; +http://www.google.com/bot.html)" "-"
74.6.19.105 - - [08/Jun/2007:19:46:55 -0400] "GET /robots.txt HTTP/1.0" 404 2294 www.davemease.com "-" "Mozilla/5.0 (compatible; Yahoo! Slurp; http://help.yahoo.com/help/us/ysearch/slurp)" "-"
74.6.24.78 - - [08/Jun/2007:19:47:45 -0400] "GET / HTTP/1.0" 200 2784 www.davemease.com "-" "Mozilla/5.0 (compatible; Yahoo! Slurp; http://help.yahoo.com/help/us/ysearch/slurp)" "-"
206.228.97.5 - - [08/Jun/2007:19:51:08 -0400] "GET / HTTP/1.1" 200 2784 www.davemease.com "http://www.google.com/search?hl=en&q=david+mease" "Mozilla/4.0 (compatible; MSIE 6.0; Windows NT 5.1; SV1; .NET CLR 1.1.4322)" "-"
206.228.97.5 - - [08/Jun/2007:19:51:09 -0400] "GET /mease.jpg HTTP/1.1" 200 4583 www.davemease.com "http://www.davemease.com/" "Mozilla/4.0 (compatible; MSIE 6.0; Windows NT 5.1; SV1; .NET CLR 1.1.4322)" "-"
66.194.6.84 - - [08/Jun/2007:21:57:47 -0400] "GET / HTTP/1.1" 403 626 www.on-line-teaching-videos.com "-" "Mozilla/4.0 (compatible; MSIE 6.0; Windows NT 5.1; Q312469)" "-"
74.6.19.105 - - [09/Jun/2007:00:03:38 -0400] "GET /robots.txt HTTP/1.0" 404 2294 www.davemease.com "-" "Mozilla/5.0 (compatible; Yahoo! Slurp; http://help.yahoo.com/help/us/ysearch/slurp)" "-"
74.6.23.208 - - [09/Jun/2007:00:04:28 -0400] "GET /football/Rcode.html HTTP/1.0" 304 - www.davemease.com "-" "Mozilla/5.0 (compatible; Yahoo! Slurp; http://help.yahoo.com/help/us/ysearch/slurp)" "-"
74.6.23.14 - - [09/Jun/2007:00:24:50 -0400] "GET / HTTP/1.0" 200 - www.davemease.com "-" "Mozilla/5.0 (compatible; Yahoo! Slurp; http://help.yahoo.com/help/us/ysearch/slurp)" "-"
66.194.6.71 - - [09/Jun/2007:01:49:35 -0400] "GET / HTTP/1.1" 200 2784 www.davemease.com "-" "Mozilla/5.0 (compatible; Konqueror/3.0-rc3; i686 Linux; 20020127)" "-"
74.6.19.105 - - [09/Jun/2007:02:36:27 -0400] "GET /robots.txt HTTP/1.0" 404 2294 www.davemease.com "-" "Mozilla/5.0 (compatible; Yahoo! Slurp; http://help.yahoo.com/help/us/ysearch/slurp)" "-"
74.6.28.154 - - [09/Jun/2007:02:37:16 -0400] "GET /football HTTP/1.0" 301 238 www.davemease.com "-" "Mozilla/5.0 (compatible; Yahoo! Slurp; http://help.yahoo.com/help/us/ysearch/slurp)" "-"
74.6.28.154 - - [09/Jun/2007:02:38:06 -0400] "GET /football/ HTTP/1.0" 200 280535 www.davemease.com "-" "Mozilla/5.0 (compatible; Yahoo! Slurp; http://help.yahoo.com/help/us/ysearch/slurp)" "-"
209.202.205.1 - - [09/Jun/2007:03:14:01 -0400] "GET /robots.txt HTTP/1.0" 404 2294 www.davemease.com "-" "Lycos_Spider_(modspider)" "-"
209.202.205.1 - - [09/Jun/2007:03:14:02 -0400] "GET /football/Rcode.html HTTP/1.0" 200 21115 www.davemease.com "-" "Lycos_Spider_(modspider)" "-"
209.202.205.1 - - [09/Jun/2007:03:15:07 -0400] "GET /football/SAScode.html HTTP/1.0" 200 19371 www.davemease.com "-" "Lycos_Spider_(modspider)" "-"
74.6.19.105 - - [09/Jun/2007:03:40:10 -0400] "GET /robots.txt HTTP/1.0" 404 2294 www.davemease.com "-" "Mozilla/5.0 (compatible; Yahoo! Slurp; http://help.yahoo.com/help/us/ysearch/slurp)" "-"
74.6.28.231 - - [09/Jun/2007:03:40:58 -0400] "GET /papers HTTP/1.0" 301 236 www.davemease.com "-" "Mozilla/5.0 (compatible; Yahoo! Slurp; http://help.yahoo.com/help/us/ysearch/slurp)" "-"
74.6.28.231 - - [09/Jun/2007:03:41:46 -0400] "GET /papers/ HTTP/1.0" 200 1510 www.davemease.com "-" "Mozilla/5.0 (compatible; Yahoo! Slurp; http://help.yahoo.com/help/us/ysearch/slurp)" "-"
128.194.135.94 - - [09/Jun/2007:04:52:09 -0400] "GET /papers/ HTTP/1.1" 200 1510 www.davemease.com "-" "IRLbot/3.0 (compatible; MSIE 6.0; http://irl.cs.tamu.edu/crawler)" "-"
59.95.9.13 - - [09/Jun/2007:07:28:48 -0400] "GET /lecture25=start-chapter-8.ppt HTTP/1.1" 200 122880 www.on-line-teaching-videos.com "http://www.google.co.in/search?q=Z-test+and+hypothesis&hl=en&start=100&sa=N" "Mozilla/4.0 (compatible; MSIE 6.0; Windows NT 5.1; SV1; .NET CLR 1.1.4322; MEGAUPLOAD 1.0)" "-"
74.6.19.105 - - [09/Jun/2007:07:57:35 -0400] "GET /robots.txt HTTP/1.0" 404 2294 www.davemease.com "-" "Mozilla/5.0 (compatible; Yahoo! Slurp; http://help.yahoo.com/help/us/ysearch/slurp)" "-"
74.6.20.235 - - [09/Jun/2007:07:58:05 -0400] "GET /papers/ HTTP/1.0" 200 1510 www.davemease.com "-" "Mozilla/5.0 (compatible; Yahoo! Slurp; http://help.yahoo.com/help/us/ysearch/slurp)" "-"
207.46.98.136 - - [09/Jun/2007:08:16:55 -0400] "GET /robots.txt HTTP/1.0" 404 2294 www.davemease.com "-" "msnbot/1.0 (+http://search.msn.com/msnbot.htm)" "-"
207.46.98.136 - - [09/Jun/2007:08:16:55 -0400] "GET /football/ HTTP/1.0" 200 280535 www.davemease.com "-" "msnbot/1.0 (+http://search.msn.com/msnbot.htm)" "-"
65.214.45.100 - - [09/Jun/2007:08:36:29 -0400] "GET /homework_solutions HTTP/1.0" 301 262 www.on-line-teaching-videos.com "-" "Mozilla/5.0 (compatible; Ask Jeeves/Teoma; +http://about.ask.com/en/docs/about/webmasters.shtml)" "-"
65.214.45.100 - - [09/Jun/2007:08:36:29 -0400] "GET /robots.txt HTTP/1.0" 404 2308 www.on-line-teaching-videos.com "-" "Mozilla/5.0 (compatible; Ask Jeeves/Teoma; +http://about.ask.com/en/docs/about/webmasters.shtml)" "-"
65.214.45.100 - - [09/Jun/2007:08:36:29 -0400] "GET /homework_solutions/ HTTP/1.0" 200 1598 www.on-line-teaching-videos.com "-" "Mozilla/5.0 (compatible; Ask Jeeves/Teoma; +http://about.ask.com/en/docs/about/webmasters.shtml)" "-"
24.253.205.190 - - [09/Jun/2007:10:51:28 -0400] "GET /football/ HTTP/1.1" 200 - www.davemease.com "http://www.mratings.com/cf/compare.htm" "Mozilla/4.0 (compatible; MSIE 7.0; Windows NT 5.1; .NET CLR 1.1.4322)" "-"
207.46.98.136 - - [09/Jun/2007:11:15:17 -0400] "GET /robots.txt HTTP/1.0" 404 2294 www.davemease.com "-" "msnbot/1.0 (+http://search.msn.com/msnbot.htm)" "-"
207.46.98.136 - - [09/Jun/2007:11:15:17 -0400] "GET /football/Rcode.html HTTP/1.0" 200 21115 www.davemease.com "-" "msnbot/1.0 (+http://search.msn.com/msnbot.htm)" "-"
141.211.66.28 - - [09/Jun/2007:15:56:20 -0400] "GET / HTTP/1.1" 200 2784 www.davemease.com "-" "Mozilla/5.0 (X11; U; Linux i686; en-US; rv:1.8.0.7) Gecko/20060911 Red Hat/1.5.0.7-0.1.el4 Firefox/1.5.0.7 pango-text" "-"
141.211.66.28 - - [09/Jun/2007:15:56:20 -0400] "GET /mease.jpg HTTP/1.1" 200 4583 www.davemease.com "http://www.davemease.com/" "Mozilla/5.0 (X11; U; Linux i686; en-US; rv:1.8.0.7) Gecko/20060911 Red Hat/1.5.0.7-0.1.el4 Firefox/1.5.0.7 pango-text" "-"
141.211.66.28 - - [09/Jun/2007:15:56:20 -0400] "GET /favicon.ico HTTP/1.1" 404 2295 www.davemease.com "-" "Mozilla/5.0 (X11; U; Linux i686; en-US; rv:1.8.0.7) Gecko/20060911 Red Hat/1.5.0.7-0.1.el4 Firefox/1.5.0.7 pango-text" "-"
141.211.66.28 - - [09/Jun/2007:15:58:03 -0400] "GET /papers HTTP/1.1" 301 248 www.davemease.com "http://www.davemease.com/" "Mozilla/5.0 (X11; U; Linux i686; en-US; rv:1.8.0.7) Gecko/20060911 Red Hat/1.5.0.7-0.1.el4 Firefox/1.5.0.7 pango-text" "-"
141.211.66.28 - - [09/Jun/2007:15:58:03 -0400] "GET /papers/ HTTP/1.1" 200 1510 www.davemease.com "http://www.davemease.com/" "Mozilla/5.0 (X11; U; Linux i686; en-US; rv:1.8.0.7) Gecko/20060911 Red Hat/1.5.0.7-0.1.el4 Firefox/1.5.0.7 pango-text" "-"
128.194.135.94 - - [09/Jun/2007:16:01:19 -0400] "GET /robots.txt HTTP/1.1" 404 2294 www.davemease.com "-" "IRLbot/3.0 (compatible; MSIE 6.0; http://irl.cs.tamu.edu/crawler)" "-"
128.194.135.94 - - [09/Jun/2007:16:01:39 -0400] "GET /football/ HTTP/1.1" 200 280535 www.davemease.com "-" "IRLbot/3.0 (compatible; MSIE 6.0; http://irl.cs.tamu.edu/crawler)" "-"
24.6.246.6 - - [09/Jun/2007:16:15:25 -0400] "GET /football/ HTTP/1.1" 200 280535 www.davemease.com "-" "Mozilla/5.0 (Windows; U; Windows NT 5.1; en-US; rv:1.8.1.4) Gecko/20070515 Firefox/2.0.0.4" "-"
24.6.246.6 - - [09/Jun/2007:16:15:30 -0400] "GET /favicon.ico HTTP/1.1" 404 2295 www.davemease.com "-" "Mozilla/5.0 (Windows; U; Windows NT 5.1; en-US; rv:1.8.1.4) Gecko/20070515 Firefox/2.0.0.4" "-"
65.214.45.101 - - [09/Jun/2007:18:36:29 -0400] "GET /robots.txt HTTP/1.0" 404 2294 www.davemease.com "-" "Mozilla/5.0 (compatible; Ask Jeeves/Teoma; +http://about.ask.com/en/docs/about/webmasters.shtml)" "-"
65.214.45.101 - - [09/Jun/2007:18:36:29 -0400] "GET /contraryevidence HTTP/1.0" 301 246 www.davemease.com "-" "Mozilla/5.0 (compatible; Ask Jeeves/Teoma; +http://about.ask.com/en/docs/about/webmasters.shtml)" "-"
65.214.45.101 - - [09/Jun/2007:18:36:29 -0400] "GET /contraryevidence/ HTTP/1.0" 200 3072 www.davemease.com "-" "Mozilla/5.0 (compatible; Ask Jeeves/Teoma; +http://about.ask.com/en/docs/about/webmasters.shtml)" "-"
128.194.135.94 - - [09/Jun/2007:18:43:59 -0400] "GET /robots.txt HTTP/1.1" 404 2294 www.davemease.com "-" "IRLbot/3.0 (compatible; MSIE 6.0; http://irl.cs.tamu.edu/crawler)" "-"
128.194.135.94 - - [09/Jun/2007:18:44:18 -0400] "GET /football/ HTTP/1.1" 200 280535 www.davemease.com "-" "IRLbot/3.0 (compatible; MSIE 6.0; http://irl.cs.tamu.edu/crawler)" "-"
74.6.86.207 - - [09/Jun/2007:19:48:49 -0400] "GET /robots.txt HTTP/1.0" 404 2308 www.on-line-teaching-videos.com "-" "Mozilla/5.0 (compatible; Yahoo! Slurp; http://help.yahoo.com/help/us/ysearch/slurp)" "-"
74.6.86.79 - - [09/Jun/2007:19:48:49 -0400] "GET /quizzes_and_exams/chapter3_quiz.doc HTTP/1.0" 200 36864 www.on-line-teaching-videos.com "-" "Mozilla/5.0 (compatible; Yahoo! Slurp; http://help.yahoo.com/help/us/ysearch/slurp)" "-"
128.194.135.94 - - [09/Jun/2007:20:45:59 -0400] "GET /football/SAScode.html HTTP/1.1" 200 19371 www.davemease.com "-" "IRLbot/3.0 (compatible; MSIE 6.0; http://irl.cs.tamu.edu/crawler)" "-"
128.194.135.94 - - [09/Jun/2007:20:46:43 -0400] "GET / HTTP/1.1" 200 2784 www.davemease.com "-" "IRLbot/3.0 (compatible; MSIE 6.0; http://irl.cs.tamu.edu/crawler)" "-"
128.194.135.94 - - [09/Jun/2007:20:47:29 -0400] "GET /football/Rcode.html HTTP/1.1" 200 21115 www.davemease.com "-" "IRLbot/3.0 (compatible; MSIE 6.0; http://irl.cs.tamu.edu/crawler)" "-"
128.194.135.94 - - [09/Jun/2007:23:01:03 -0400] "GET /football HTTP/1.1" 301 250 www.davemease.com "-" "IRLbot/3.0 (compatible; MSIE 6.0; http://irl.cs.tamu.edu/crawler)" "-"
128.194.135.94 - - [09/Jun/2007:23:01:52 -0400] "GET /papers HTTP/1.1" 301 248 www.davemease.com "-" "IRLbot/3.0 (compatible; MSIE 6.0; http://irl.cs.tamu.edu/crawler)" "-"
74.6.19.105 - - [09/Jun/2007:23:29:20 -0400] "GET /robots.txt HTTP/1.0" 404 2294 www.davemease.com "-" "Mozilla/5.0 (compatible; Yahoo! Slurp; http://help.yahoo.com/help/us/ysearch/slurp)" "-"
74.6.26.212 - - [09/Jun/2007:23:29:51 -0400] "GET /football/ HTTP/1.0" 200 - www.davemease.com "-" "Mozilla/5.0 (compatible; Yahoo! Slurp; http://help.yahoo.com/help/us/ysearch/slurp)" "-"
74.6.22.36 - - [09/Jun/2007:23:39:12 -0400] "GET /football/SAScode.html HTTP/1.0" 304 - www.davemease.com "-" "Mozilla/5.0 (compatible; Yahoo! Slurp; http://help.yahoo.com/help/us/ysearch/slurp)" "-"
85.12.45.22 - - [09/Jun/2007:23:51:19 -0400] "GET / HTTP/1.0" 200 524 www.stats202.com "-" "Mozilla/2.0 (compatible; MSIE 3.0B; Windows NT)" "-"
85.12.45.22 - - [09/Jun/2007:23:51:19 -0400] "GET / HTTP/1.0" 200 524 www.stats202.com "-" "Mozilla/2.0 (compatible; MSIE 3.0B; Windows NT)" "-"
207.46.98.135 - - [10/Jun/2007:00:28:54 -0400] "GET /robots.txt HTTP/1.0" 404 2294 www.davemease.com "-" "msnbot/1.0 (+http://search.msn.com/msnbot.htm)" "-"
207.46.98.135 - - [10/Jun/2007:00:28:54 -0400] "GET / HTTP/1.0" 200 2784 www.davemease.com "-" "msnbot/1.0 (+http://search.msn.com/msnbot.htm)" "-"
65.55.210.59 - - [10/Jun/2007:05:48:11 -0400] "GET /robots.txt HTTP/1.0" 404 2294 www.davemease.com "-" "msnbot/1.0 (+http://search.msn.com/msnbot.htm)" "-"
65.55.210.59 - - [10/Jun/2007:05:48:11 -0400] "GET /football/ HTTP/1.0" 200 280535 www.davemease.com "-" "msnbot/1.0 (+http://search.msn.com/msnbot.htm)" "-"
207.46.98.137 - - [10/Jun/2007:07:09:44 -0400] "GET /robots.txt HTTP/1.0" 404 2294 www.davemease.com "-" "msnbot/1.0 (+http://search.msn.com/msnbot.htm)" "-"
207.46.98.137 - - [10/Jun/2007:07:09:44 -0400] "GET /football/SAScode.html HTTP/1.0" 200 19371 www.davemease.com "-" "msnbot/1.0 (+http://search.msn.com/msnbot.htm)" "-"
74.6.75.26 - - [10/Jun/2007:10:28:16 -0400] "GET /robots.txt HTTP/1.0" 404 2294 www.davemease.com "-" "Mozilla/5.0 (compatible; Yahoo! Slurp; http://help.yahoo.com/help/us/ysearch/slurp)" "-"
74.6.21.113 - - [10/Jun/2007:10:28:16 -0400] "GET /football/ HTTP/1.0" 200 280535 www.davemease.com "-" "Mozilla/5.0 (compatible; Yahoo! Slurp; http://help.yahoo.com/help/us/ysearch/slurp)" "-"
128.194.135.94 - - [10/Jun/2007:10:41:46 -0400] "GET /papers/ HTTP/1.1" 200 1510 www.davemease.com "-" "IRLbot/3.0 (compatible; MSIE 6.0; http://irl.cs.tamu.edu/crawler)" "-"
74.6.75.26 - - [10/Jun/2007:11:45:53 -0400] "GET /robots.txt HTTP/1.0" 404 2294 www.davemease.com "-" "Mozilla/5.0 (compatible; Yahoo! Slurp; http://help.yahoo.com/help/us/ysearch/slurp)" "-"
74.6.66.38 - - [10/Jun/2007:11:46:59 -0400] "GET / HTTP/1.0" 200 2784 www.davemease.com "-" "Mozilla/5.0 (compatible; Yahoo! Slurp; http://help.yahoo.com/help/us/ysearch/slurp)" "-"
68.142.212.176 - - [10/Jun/2007:13:23:53 -0400] "GET /robots.txt HTTP/1.0" 404 2308 www.on-line-teaching-videos.com "-" "Yahoo-MMCrawler/3.x (mms dash mmcrawler dash support at yahoo dash inc dot com)" "-"
68.142.212.176 - - [10/Jun/2007:13:24:17 -0400] "GET /stat_book.jpg HTTP/1.0" 304 - www.on-line-teaching-videos.com "-" "Yahoo-MMCrawler/3.x (mms dash mmcrawler dash support at yahoo dash inc dot com)" "-"
216.145.17.190 - - [10/Jun/2007:13:41:56 -0400] "GET /robots.txt HTTP/1.0" 404 2294 www.davemease.com "http://www.whois.sc/" "SurveyBot/2.3 (Whois Source)" "-"
216.145.17.190 - - [10/Jun/2007:13:41:56 -0400] "GET / HTTP/1.1" 200 2784 www.davemease.com "http://www.whois.sc/davemease.com" "SurveyBot/2.3 (Whois Source)" "-"
74.6.75.26 - - [10/Jun/2007:15:35:10 -0400] "GET /robots.txt HTTP/1.0" 404 2294 www.davemease.com "-" "Mozilla/5.0 (compatible; Yahoo! Slurp; http://help.yahoo.com/help/us/ysearch/slurp)" "-"
74.6.73.91 - - [10/Jun/2007:15:35:10 -0400] "GET / HTTP/1.0" 200 - www.davemease.com "-" "Mozilla/5.0 (compatible; Yahoo! Slurp; http://help.yahoo.com/help/us/ysearch/slurp)" "-"
66.249.66.110 - - [10/Jun/2007:15:39:09 -0400] "GET /robots.txt HTTP/1.1" 404 2308 www.on-line-teaching-videos.com "-" "Mozilla/5.0 (compatible; Googlebot/2.1; +http://www.google.com/bot.html)" "-"
66.249.66.110 - - [10/Jun/2007:15:39:09 -0400] "GET /lecture23=start-chapter-7.ppt HTTP/1.1" 200 144384 www.on-line-teaching-videos.com "-" "Mozilla/5.0 (compatible; Googlebot/2.1; +http://www.google.com/bot.html)" "-"
128.194.135.94 - - [10/Jun/2007:15:54:47 -0400] "GET /contraryevidence HTTP/1.1" 301 258 www.davemease.com "-" "IRLbot/3.0 (compatible; MSIE 6.0; http://irl.cs.tamu.edu/crawler)" "-"
206.228.97.213 - - [10/Jun/2007:15:55:02 -0400] "GET / HTTP/1.1" 200 2784 www.davemease.com "http://www.google.com/search?hl=en&q=mease" "Mozilla/4.0 (compatible; MSIE 6.0; Windows NT 5.1; SV1; .NET CLR 1.1.4322)" "-"
207.46.98.136 - - [10/Jun/2007:17:14:27 -0400] "GET /robots.txt HTTP/1.0" 404 2294 www.davemease.com "-" "msnbot/1.0 (+http://search.msn.com/msnbot.htm)" "-"
207.46.98.136 - - [10/Jun/2007:17:14:28 -0400] "GET /papers HTTP/1.0" 301 236 www.davemease.com "-" "msnbot/1.0 (+http://search.msn.com/msnbot.htm)" "-"
66.249.66.110 - - [10/Jun/2007:17:39:16 -0400] "GET /quizzes_and_exams/review_for_exam1.doc HTTP/1.1" 200 584192 www.on-line-teaching-videos.com "-" "Mozilla/5.0 (compatible; Googlebot/2.1; +http://www.google.com/bot.html)" "-"
207.46.98.136 - - [10/Jun/2007:17:40:18 -0400] "GET /papers/ HTTP/1.0" 200 1510 www.davemease.com "-" "msnbot/1.0 (+http://search.msn.com/msnbot.htm)" "-"
74.166.216.60 - - [10/Jun/2007:18:26:36 -0400] "GET / HTTP/1.1" 200 2784 www.davemease.com "http://www.google.com/search?hl=en&q=david+mease" "Mozilla/4.0 (compatible; MSIE 6.0; Windows NT 5.1; SV1; InfoPath.1; .NET CLR 1.1.4322)" "-"
74.166.216.60 - - [10/Jun/2007:18:26:36 -0400] "GET /mease.jpg HTTP/1.1" 200 4583 www.davemease.com "http://www.davemease.com/" "Mozilla/4.0 (compatible; MSIE 6.0; Windows NT 5.1; SV1; InfoPath.1; .NET CLR 1.1.4322)" "-"
202.160.180.150 - - [10/Jun/2007:21:04:28 -0400] "GET /robots.txt HTTP/1.0" 404 2294 www.davemease.com "-" "Mozilla/5.0 (compatible; Yahoo! Slurp China; http://misc.yahoo.com.cn/help.html)" "-"
202.160.178.234 - - [10/Jun/2007:21:05:09 -0400] "GET /football HTTP/1.0" 301 238 www.davemease.com "-" "Mozilla/5.0 (compatible; Yahoo! Slurp China; http://misc.yahoo.com.cn/help.html)" "-"
202.160.178.234 - - [10/Jun/2007:21:05:50 -0400] "GET /football/ HTTP/1.0" 200 280535 www.davemease.com "-" "Mozilla/5.0 (compatible; Yahoo! Slurp China; http://misc.yahoo.com.cn/help.html)" "-"
74.6.75.26 - - [10/Jun/2007:21:33:51 -0400] "GET /robots.txt HTTP/1.0" 404 2294 www.davemease.com "-" "Mozilla/5.0 (compatible; Yahoo! Slurp; http://help.yahoo.com/help/us/ysearch/slurp)" "-"
74.6.70.248 - - [10/Jun/2007:21:33:52 -0400] "GET /papers/ HTTP/1.0" 200 1510 www.davemease.com "-" "Mozilla/5.0 (compatible; Yahoo! Slurp; http://help.yahoo.com/help/us/ysearch/slurp)" "-"
74.6.19.105 - - [10/Jun/2007:22:23:13 -0400] "GET /robots.txt HTTP/1.0" 404 2294 www.davemease.com "-" "Mozilla/5.0 (compatible; Yahoo! Slurp; http://help.yahoo.com/help/us/ysearch/slurp)" "-"
74.6.23.208 - - [10/Jun/2007:22:23:58 -0400] "GET /football/Rcode.html HTTP/1.0" 304 - www.davemease.com "-" "Mozilla/5.0 (compatible; Yahoo! Slurp; http://help.yahoo.com/help/us/ysearch/slurp)" "-"
128.194.135.94 - - [10/Jun/2007:22:27:58 -0400] "GET /contraryevidence/ HTTP/1.1" 200 3072 www.davemease.com "-" "IRLbot/3.0 (compatible; MSIE 6.0; http://irl.cs.tamu.edu/crawler)" "-"
74.6.23.14 - - [10/Jun/2007:22:47:21 -0400] "GET / HTTP/1.0" 200 - www.davemease.com "-" "Mozilla/5.0 (compatible; Yahoo! Slurp; http://help.yahoo.com/help/us/ysearch/slurp)" "-"
74.6.75.26 - - [10/Jun/2007:23:58:08 -0400] "GET /robots.txt HTTP/1.0" 404 2294 www.davemease.com "-" "Mozilla/5.0 (compatible; Yahoo! Slurp; http://help.yahoo.com/help/us/ysearch/slurp)" "-"
74.6.18.118 - - [10/Jun/2007:23:58:15 -0400] "GET /contraryevidence HTTP/1.0" 301 246 www.davemease.com "-" "Mozilla/5.0 (compatible; Yahoo! Slurp; http://help.yahoo.com/help/us/ysearch/slurp)" "-"
74.6.18.118 - - [11/Jun/2007:00:00:32 -0400] "GET /contraryevidence/ HTTP/1.0" 200 3072 www.davemease.com "-" "Mozilla/5.0 (compatible; Yahoo! Slurp; http://help.yahoo.com/help/us/ysearch/slurp)" "-"
74.6.19.105 - - [11/Jun/2007:00:58:08 -0400] "GET /robots.txt HTTP/1.0" 404 2294 www.davemease.com "-" "Mozilla/5.0 (compatible; Yahoo! Slurp; http://help.yahoo.com/help/us/ysearch/slurp)" "-"
74.6.28.154 - - [11/Jun/2007:00:59:06 -0400] "GET /football HTTP/1.0" 301 238 www.davemease.com "-" "Mozilla/5.0 (compatible; Yahoo! Slurp; http://help.yahoo.com/help/us/ysearch/slurp)" "-"
74.6.28.154 - - [11/Jun/2007:01:00:55 -0400] "GET /football/ HTTP/1.0" 200 280535 www.davemease.com "-" "Mozilla/5.0 (compatible; Yahoo! Slurp; http://help.yahoo.com/help/us/ysearch/slurp)" "-"
64.246.165.180 - - [11/Jun/2007:03:15:05 -0400] "GET /robots.txt HTTP/1.0" 404 2308 www.on-line-teaching-videos.com "http://www.whois.sc/" "SurveyBot/2.3 (Whois Source)" "-"
64.246.165.180 - - [11/Jun/2007:03:15:05 -0400] "GET / HTTP/1.1" 403 626 www.on-line-teaching-videos.com "http://www.whois.sc/on-line-teaching-videos.com" "SurveyBot/2.3 (Whois Source)" "-"
66.249.66.110 - - [11/Jun/2007:07:41:30 -0400] "GET /robots.txt HTTP/1.1" 404 2308 www.on-line-teaching-videos.com "-" "Mozilla/5.0 (compatible; Googlebot/2.1; +http://www.google.com/bot.html)" "-"
66.249.66.110 - - [11/Jun/2007:07:41:31 -0400] "HEAD /sample_from_lecture23.wmv HTTP/1.1" 200 0 www.on-line-teaching-videos.com "-" "Mozilla/5.0 (compatible; Googlebot/2.1; +http://www.google.com/bot.html)" "-"
66.249.66.110 - - [11/Jun/2007:07:41:31 -0400] "HEAD /sample_from_lecture24.wmv HTTP/1.1" 200 0 www.on-line-teaching-videos.com "-" "Mozilla/5.0 (compatible; Googlebot/2.1; +http://www.google.com/bot.html)" "-"
66.249.66.110 - - [11/Jun/2007:07:41:32 -0400] "HEAD /sample_from_lecture25.wmv HTTP/1.1" 200 0 www.on-line-teaching-videos.com "-" "Mozilla/5.0 (compatible; Googlebot/2.1; +http://www.google.com/bot.html)" "-"
64.246.165.180 - - [11/Jun/2007:09:34:47 -0400] "GET /robots.txt HTTP/1.0" 404 2293 www.stats202.com "http://www.whois.sc/" "SurveyBot/2.3 (Whois Source)" "-"
64.246.165.180 - - [11/Jun/2007:09:34:47 -0400] "GET / HTTP/1.1" 200 524 www.stats202.com "http://www.whois.sc/stats202.com" "SurveyBot/2.3 (Whois Source)" "-"
208.17.184.45 - - [11/Jun/2007:10:16:35 -0400] "GET /robots.txt HTTP/1.1" 404 2294 www.davemease.com "-" "Mozilla/5.0 (X11; U; Linux i686; en-US; rv:1.7.12) Gecko/20050922 Fedora/1.0.7-1.1.fc4 Firefox/1.0.7" "-"
208.17.184.45 - - [11/Jun/2007:10:16:36 -0400] "GET / HTTP/1.1" 200 2784 www.davemease.com "" "Mozilla/5.0 (X11; U; Linux i686; en-US; rv:1.7.12) Gecko/20050922 Fedora/1.0.7-1.1.fc4 Firefox/1.0.7" "-"
208.17.184.45 - - [11/Jun/2007:10:16:36 -0400] "GET /papers HTTP/1.1" 301 248 www.davemease.com "http://www.davemease.com/" "Mozilla/5.0 (X11; U; Linux i686; en-US; rv:1.7.12) Gecko/20050922 Fedora/1.0.7-1.1.fc4 Firefox/1.0.7" "-"
208.17.184.45 - - [11/Jun/2007:10:16:36 -0400] "GET /papers/ HTTP/1.1" 200 1510 www.davemease.com "http://www.davemease.com/" "Mozilla/5.0 (X11; U; Linux i686; en-US; rv:1.7.12) Gecko/20050922 Fedora/1.0.7-1.1.fc4 Firefox/1.0.7" "-"
208.17.184.45 - - [11/Jun/2007:10:16:36 -0400] "GET /football HTTP/1.1" 301 250 www.davemease.com "http://www.davemease.com/" "Mozilla/5.0 (X11; U; Linux i686; en-US; rv:1.7.12) Gecko/20050922 Fedora/1.0.7-1.1.fc4 Firefox/1.0.7" "-"
208.17.184.45 - - [11/Jun/2007:10:16:37 -0400] "GET /football/ HTTP/1.1" 200 280535 www.davemease.com "http://www.davemease.com/" "Mozilla/5.0 (X11; U; Linux i686; en-US; rv:1.7.12) Gecko/20050922 Fedora/1.0.7-1.1.fc4 Firefox/1.0.7" "-"
65.214.44.190 - - [11/Jun/2007:10:44:57 -0400] "GET /robots.txt HTTP/1.0" 404 2294 www.davemease.com "-" "Mozilla/2.0 (compatible; Ask Jeeves/Teoma; +http://about.ask.com/en/docs/about/webmasters.shtml)" "-"
65.214.44.190 - - [11/Jun/2007:10:45:11 -0400] "GET /football HTTP/1.0" 301 238 www.davemease.com "-" "Mozilla/2.0 (compatible; Ask Jeeves/Teoma; +http://about.ask.com/en/docs/about/webmasters.shtml)" "-"
65.214.44.190 - - [11/Jun/2007:10:45:22 -0400] "GET /football/ HTTP/1.0" 200 280535 www.davemease.com "-" "Mozilla/2.0 (compatible; Ask Jeeves/Teoma; +http://about.ask.com/en/docs/about/webmasters.shtml)" "-"
24.253.205.190 - - [11/Jun/2007:11:09:58 -0400] "GET /football/ HTTP/1.1" 200 - www.davemease.com "http://www.mratings.com/cf/compare.htm" "Mozilla/4.0 (compatible; MSIE 7.0; Windows NT 5.1; .NET CLR 1.1.4322)" "-"
74.6.75.26 - - [11/Jun/2007:11:37:54 -0400] "GET /robots.txt HTTP/1.0" 404 2294 www.davemease.com "-" "Mozilla/5.0 (compatible; Yahoo! Slurp; http://help.yahoo.com/help/us/ysearch/slurp)" "-"
74.6.66.38 - - [11/Jun/2007:11:38:03 -0400] "GET / HTTP/1.0" 200 2784 www.davemease.com "-" "Mozilla/5.0 (compatible; Yahoo! Slurp; http://help.yahoo.com/help/us/ysearch/slurp)" "-"
208.17.184.51 - - [11/Jun/2007:11:49:52 -0400] "GET /robots.txt HTTP/1.1" 404 2308 www.on-line-teaching-videos.com "-" "Mozilla/5.0 (X11; U; Linux i686; en-US; rv:1.7.12) Gecko/20050922 Fedora/1.0.7-1.1.fc4 Firefox/1.0.7" "-"
208.17.184.51 - - [11/Jun/2007:11:49:52 -0400] "GET / HTTP/1.1" 403 626 www.on-line-teaching-videos.com "" "Mozilla/5.0 (X11; U; Linux i686; en-US; rv:1.7.12) Gecko/20050922 Fedora/1.0.7-1.1.fc4 Firefox/1.0.7" "-"
74.6.86.207 - - [11/Jun/2007:11:52:04 -0400] "GET /robots.txt HTTP/1.0" 404 2308 www.on-line-teaching-videos.com "-" "Mozilla/5.0 (compatible; Yahoo! Slurp; http://help.yahoo.com/help/us/ysearch/slurp)" "-"
74.6.87.47 - - [11/Jun/2007:11:52:09 -0400] "GET /exam_solutions HTTP/1.0" 301 258 www.on-line-teaching-videos.com "-" "Mozilla/5.0 (compatible; Yahoo! Slurp; http://help.yahoo.com/help/us/ysearch/slurp)" "-"
74.6.87.47 - - [11/Jun/2007:11:52:38 -0400] "GET /exam_solutions/ HTTP/1.0" 200 574 www.on-line-teaching-videos.com "-" "Mozilla/5.0 (compatible; Yahoo! Slurp; http://help.yahoo.com/help/us/ysearch/slurp)" "-"
193.95.154.69 - - [11/Jun/2007:12:59:54 -0400] "GET /football HTTP/1.1" 301 250 www.davemease.com "-" "Mozilla/5.0 (X11; U; Linux i686; en-US; rv:1.9a1) Gecko/20070308 Minefield/3.0a1" "-"
193.95.154.69 - - [11/Jun/2007:12:59:54 -0400] "GET /football/ HTTP/1.1" 200 280535 www.davemease.com "-" "Mozilla/5.0 (X11; U; Linux i686; en-US; rv:1.9a1) Gecko/20070308 Minefield/3.0a1" "-"
155.13.48.17 - - [11/Jun/2007:15:31:46 -0400] "GET / HTTP/1.1" 200 2784 www.davemease.com "-" "Mozilla/5.0 (Windows; U; Windows NT 5.1; en-US; rv:1.8.1.4) Gecko/20070515 Firefox/2.0.0.4" "-"
155.13.48.17 - - [11/Jun/2007:15:31:46 -0400] "GET /mease.jpg HTTP/1.1" 200 4583 www.davemease.com "-" "Mozilla/4.0 (compatible;)" "-"
155.13.48.17 - - [11/Jun/2007:15:31:47 -0400] "GET /favicon.ico HTTP/1.1" 404 2295 www.davemease.com "-" "Mozilla/5.0 (Windows; U; Windows NT 5.1; en-US; rv:1.8.1.4) Gecko/20070515 Firefox/2.0.0.4" "-"
155.13.48.17 - - [11/Jun/2007:15:31:47 -0400] "GET /spicons/mrblue.gif HTTP/1.1" 200 35 www.davemease.com "-" "Mozilla/4.0 (compatible;)" "-"
155.13.48.17 - - [11/Jun/2007:15:31:47 -0400] "GET /spicons/notfound.jpg HTTP/1.1" 200 16214 www.davemease.com "-" "Mozilla/4.0 (compatible;)" "-"
155.13.48.17 - - [11/Jun/2007:15:31:47 -0400] "GET /spicons/undercover.gif HTTP/1.1" 200 43 www.davemease.com "-" "Mozilla/4.0 (compatible;)" "-"
155.13.48.17 - - [11/Jun/2007:15:31:47 -0400] "GET /spicons/ecke.gif HTTP/1.1" 200 299 www.davemease.com "-" "Mozilla/4.0 (compatible;)" "-"
65.214.45.101 - - [11/Jun/2007:16:40:42 -0400] "GET /robots.txt HTTP/1.0" 404 2294 www.davemease.com "-" "Mozilla/5.0 (compatible; Ask Jeeves/Teoma; +http://about.ask.com/en/docs/about/webmasters.shtml)" "-"
65.214.45.101 - - [11/Jun/2007:16:40:42 -0400] "GET /football/SAScode.html HTTP/1.0" 200 19371 www.davemease.com "-" "Mozilla/5.0 (compatible; Ask Jeeves/Teoma; +http://about.ask.com/en/docs/about/webmasters.shtml)" "-"
66.249.67.1 - - [11/Jun/2007:18:29:47 -0400] "GET /robots.txt HTTP/1.1" 404 2294 www.davemease.com "-" "Mozilla/5.0 (compatible; Googlebot/2.1; +http://www.google.com/bot.html)" "-"
66.249.67.1 - - [11/Jun/2007:18:29:48 -0400] "GET /football/ HTTP/1.1" 200 280535 www.davemease.com "-" "Mozilla/5.0 (compatible; Googlebot/2.1; +http://www.google.com/bot.html)" "-"
66.194.6.92 - - [11/Jun/2007:21:09:06 -0400] "GET / HTTP/1.1" 403 626 www.on-line-teaching-videos.com "-" "Mozilla/5.0 (compatible; Konqueror/3.1-rc3; i686 Linux; 20020419)" "-"
88.198.158.156 - - [11/Jun/2007:22:51:47 -0400] "GET / HTTP/1.1" 200 2784 www.davemease.com "-" "Mozilla" "-"
74.6.87.40 - - [11/Jun/2007:23:37:52 -0400] "GET /robots.txt HTTP/1.0" 404 2294 www.davemease.com "-" "Mozilla/5.0 (compatible; Yahoo! Slurp; http://help.yahoo.com/help/us/ysearch/slurp)" "-"
74.6.86.100 - - [11/Jun/2007:23:37:53 -0400] "GET / HTTP/1.0" 200 2784 www.davemease.com "-" "Mozilla/5.0 (compatible; Yahoo! Slurp; http://help.yahoo.com/help/us/ysearch/slurp)" "-"
71.179.118.140 - - [12/Jun/2007:00:11:56 -0400] "GET / HTTP/1.1" 200 2784 www.davemease.com "http://search.yahoo.com/search;_ylt=A0geu5D_HG5GhCEAHThXNyoA?p=David+Mease&y=Search&fr=yfp-t-501" "Mozilla/4.0 (compatible; MSIE 7.0; Windows NT 5.1; .NET CLR 1.1.4322; IEMB3; IEMB3)" "-"
71.179.118.140 - - [12/Jun/2007:00:11:57 -0400] "GET /mease.jpg HTTP/1.1" 200 4583 www.davemease.com "http://www.davemease.com/" "Mozilla/4.0 (compatible; MSIE 7.0; Windows NT 5.1; .NET CLR 1.1.4322; IEMB3; IEMB3)" "-"
71.179.118.140 - - [12/Jun/2007:00:11:57 -0400] "GET /favicon.ico HTTP/1.1" 404 2295 www.davemease.com "-" "Mozilla/4.0 (compatible; MSIE 7.0; Windows NT 5.1; .NET CLR 1.1.4322; IEMB3; IEMB3)" "-"
66.249.67.1 - - [12/Jun/2007:00:30:49 -0400] "GET /robots.txt HTTP/1.1" 404 2294 www.davemease.com "-" "Mozilla/5.0 (compatible; Googlebot/2.1; +http://www.google.com/bot.html)" "-"
66.249.67.1 - - [12/Jun/2007:00:30:49 -0400] "GET /football/SAScode.html HTTP/1.1" 200 19371 www.davemease.com "-" "Mozilla/5.0 (compatible; Googlebot/2.1; +http://www.google.com/bot.html)" "-"
66.194.6.77 - - [12/Jun/2007:01:29:27 -0400] "GET / HTTP/1.1" 200 2784 www.davemease.com "-" "Mozilla/5.0 (compatible; Konqueror/3.1-rc5; i686 Linux; 20020316)" "-"
216.145.49.15 - - [12/Jun/2007:01:34:15 -0400] "GET / HTTP/1.1" 200 2784 www.davemease.com "http://www.google.com/search?hl=en&q=david+mease&btnG=Google+Search" "Mozilla/5.0 (Macintosh; U; Intel Mac OS X; en-US; rv:1.8.1) Gecko/20061010 Firefox/2.0" "-"
216.145.49.15 - - [12/Jun/2007:01:34:21 -0400] "GET /mease.jpg HTTP/1.1" 200 4583 www.davemease.com "http://www.davemease.com/" "Mozilla/5.0 (Macintosh; U; Intel Mac OS X; en-US; rv:1.8.1) Gecko/20061010 Firefox/2.0" "-"
216.145.49.15 - - [12/Jun/2007:01:34:21 -0400] "GET /favicon.ico HTTP/1.1" 404 2295 www.davemease.com "-" "Mozilla/5.0 (Macintosh; U; Intel Mac OS X; en-US; rv:1.8.1) Gecko/20061010 Firefox/2.0" "-"
202.43.253.28 - - [12/Jun/2007:03:57:39 -0400] "GET / HTTP/1.0" 200 2784 www.davemease.com "http://members.accesstoledo.com/measefam/mease_cv.html" "Mozilla/5.0 (Windows; U; Windows NT 5.1; en-US; rv:1.7.13) Gecko/20060414" "10.5.10.26"
202.43.253.28 - - [12/Jun/2007:03:57:40 -0400] "GET /mease.jpg HTTP/1.0" 200 4583 www.davemease.com "http://www.davemease.com/" "Mozilla/5.0 (Windows; U; Windows NT 5.1; en-US; rv:1.7.13) Gecko/20060414" "10.5.10.26"
66.249.66.110 - - [12/Jun/2007:05:57:00 -0400] "GET /robots.txt HTTP/1.1" 404 2308 www.on-line-teaching-videos.com "-" "Mozilla/5.0 (compatible; Googlebot/2.1; +http://www.google.com/bot.html)" "-"
66.249.66.110 - - [12/Jun/2007:05:57:00 -0400] "GET /quizzes_and_exams/chapter2_part1_quiz.doc HTTP/1.1" 200 65536 www.on-line-teaching-videos.com "-" "Mozilla/5.0 (compatible; Googlebot/2.1; +http://www.google.com/bot.html)" "-"
74.6.75.26 - - [12/Jun/2007:08:08:26 -0400] "GET /robots.txt HTTP/1.0" 404 2294 www.davemease.com "-" "Mozilla/5.0 (compatible; Yahoo! Slurp; http://help.yahoo.com/help/us/ysearch/slurp)" "-"
74.6.73.223 - - [12/Jun/2007:08:08:27 -0400] "GET /football/ HTTP/1.0" 200 280535 www.davemease.com "-" "Mozilla/5.0 (compatible; Yahoo! Slurp; http://help.yahoo.com/help/us/ysearch/slurp)" "-"
65.214.39.180 - - [12/Jun/2007:10:06:39 -0400] "GET /football HTTP/1.1" 301 250 www.davemease.com "-" "Mozilla/5.0 (X11; U; Linux i686; en-US; rv:1.9a1) Gecko/20070308 Minefield/3.0a1" "-"
65.214.39.180 - - [12/Jun/2007:10:06:39 -0400] "GET /football/ HTTP/1.1" 200 280535 www.davemease.com "-" "Mozilla/5.0 (X11; U; Linux i686; en-US; rv:1.9a1) Gecko/20070308 Minefield/3.0a1" "-"
74.6.75.26 - - [12/Jun/2007:12:10:54 -0400] "GET /robots.txt HTTP/1.0" 404 2294 www.davemease.com "-" "Mozilla/5.0 (compatible; Yahoo! Slurp; http://help.yahoo.com/help/us/ysearch/slurp)" "-"
74.6.17.144 - - [12/Jun/2007:12:12:36 -0400] "GET / HTTP/1.0" 200 2784 www.davemease.com "-" "Mozilla/5.0 (compatible; Yahoo! Slurp; http://help.yahoo.com/help/us/ysearch/slurp)" "-"
64.236.245.243 - - [12/Jun/2007:14:17:01 -0400] "GET / HTTP/1.1" 200 2784 www.davemease.com "http://www.google.com/search?sourceid=navclient&ie=UTF-8&rls=GGLD,GGLD:2003-41,GGLD:en&q=David+Mease" "Mozilla/4.0 (compatible; MSIE 6.0; Windows NT 5.1; SV1; .NET CLR 1.1.4322; .NET CLR 2.0.50727; .NET CLR 3.0.04506.30)" "-"
64.236.245.243 - - [12/Jun/2007:14:17:01 -0400] "GET /mease.jpg HTTP/1.1" 200 4583 www.davemease.com "http://www.davemease.com/" "Mozilla/4.0 (compatible; MSIE 6.0; Windows NT 5.1; SV1; .NET CLR 1.1.4322; .NET CLR 2.0.50727; .NET CLR 3.0.04506.30)" "-"
89.150.197.137 - - [12/Jun/2007:15:36:47 -0400] "GET /robots.txt HTTP/1.0" 404 2294 www.davemease.com "-" "Speedy Spider (http://www.entireweb.com/about/search_tech/speedyspider/)" "-"
89.150.197.137 - - [12/Jun/2007:15:36:51 -0400] "GET /football/ HTTP/1.0" 200 280535 www.davemease.com "-" "Speedy Spider (http://www.entireweb.com/about/search_tech/speedyspider/)" "-"
192.150.11.4 - - [12/Jun/2007:17:03:35 -0400] "GET / HTTP/1.1" 200 2784 www.davemease.com "http://www.google.com/search?hl=en&q=david+mease&btnG=Google+Search" "Mozilla/5.0 (Macintosh; U; Intel Mac OS X; en-US; rv:1.8.0.4) Gecko/20060613 Camino/1.0.2" "-"
74.6.75.26 - - [12/Jun/2007:17:23:05 -0400] "GET /robots.txt HTTP/1.0" 404 2294 www.davemease.com "-" "Mozilla/5.0 (compatible; Yahoo! Slurp; http://help.yahoo.com/help/us/ysearch/slurp)" "-"
74.6.73.91 - - [12/Jun/2007:17:23:05 -0400] "GET / HTTP/1.0" 200 2784 www.davemease.com "-" "Mozilla/5.0 (compatible; Yahoo! Slurp; http://help.yahoo.com/help/us/ysearch/slurp)" "-"
74.6.18.23 - - [12/Jun/2007:17:37:10 -0400] "GET /football/ HTTP/1.0" 200 - www.davemease.com "-" "Mozilla/5.0 (compatible; Yahoo! Slurp; http://help.yahoo.com/help/us/ysearch/slurp)" "-"
140.107.164.66 - - [12/Jun/2007:18:20:32 -0400] "GET / HTTP/1.1" 200 2784 www.davemease.com "-" "Mozilla/5.0 (X11; U; Linux i686; en-US; rv:1.8.1.3) Gecko/20070309 Firefox/2.0.0.3" "-"
140.107.164.66 - - [12/Jun/2007:18:20:32 -0400] "GET /mease.jpg HTTP/1.1" 200 4583 www.davemease.com "http://www.davemease.com/" "Mozilla/5.0 (X11; U; Linux i686; en-US; rv:1.8.1.3) Gecko/20070309 Firefox/2.0.0.3" "-"
140.107.164.66 - - [12/Jun/2007:18:20:32 -0400] "GET /favicon.ico HTTP/1.1" 404 2295 www.davemease.com "-" "Mozilla/5.0 (X11; U; Linux i686; en-US; rv:1.8.1.3) Gecko/20070309 Firefox/2.0.0.3" "-"
140.107.164.66 - - [12/Jun/2007:18:20:42 -0400] "GET /papers HTTP/1.1" 301 248 www.davemease.com "http://www.davemease.com/" "Mozilla/5.0 (X11; U; Linux i686; en-US; rv:1.8.1.3) Gecko/20070309 Firefox/2.0.0.3" "-"
140.107.164.66 - - [12/Jun/2007:18:20:42 -0400] "GET /papers/ HTTP/1.1" 200 1510 www.davemease.com "http://www.davemease.com/" "Mozilla/5.0 (X11; U; Linux i686; en-US; rv:1.8.1.3) Gecko/20070309 Firefox/2.0.0.3" "-"
24.154.54.181 - - [12/Jun/2007:21:11:00 -0400] "GET /homework.html HTTP/1.1" 200 7482 www.on-line-teaching-videos.com "http://www.google.com/search?hl=en&client=safari&rls=en&q=how+to+make+an+ogive+in+excel&btnG=Search" "Mozilla/5.0 (Macintosh; U; Intel Mac OS X; en) AppleWebKit/419 (KHTML, like Gecko) Safari/419.3" "-"
24.154.54.181 - - [12/Jun/2007:21:11:01 -0400] "GET /favicon.ico HTTP/1.1" 404 2309 www.on-line-teaching-videos.com "-" "Mozilla/5.0 (Macintosh; U; Intel Mac OS X; en) AppleWebKit/419 (KHTML, like Gecko) Safari/419.3" "-"
74.6.19.105 - - [12/Jun/2007:21:11:41 -0400] "GET /robots.txt HTTP/1.0" 404 2294 www.davemease.com "-" "Mozilla/5.0 (compatible; Yahoo! Slurp; http://help.yahoo.com/help/us/ysearch/slurp)" "-"
74.6.26.212 - - [12/Jun/2007:21:12:25 -0400] "GET /football/ HTTP/1.0" 200 - www.davemease.com "-" "Mozilla/5.0 (compatible; Yahoo! Slurp; http://help.yahoo.com/help/us/ysearch/slurp)" "-"
74.6.22.36 - - [12/Jun/2007:21:23:29 -0400] "GET /football/SAScode.html HTTP/1.0" 304 - www.davemease.com "-" "Mozilla/5.0 (compatible; Yahoo! Slurp; http://help.yahoo.com/help/us/ysearch/slurp)" "-"
66.249.66.110 - - [12/Jun/2007:21:46:41 -0400] "GET /robots.txt HTTP/1.1" 404 2294 www.davemease.com "-" "Mozilla/5.0 (compatible; Googlebot/2.1; +http://www.google.com/bot.html)" "-"
66.249.66.110 - - [12/Jun/2007:21:46:41 -0400] "GET / HTTP/1.1" 200 2784 www.davemease.com "-" "Mozilla/5.0 (compatible; Googlebot/2.1; +http://www.google.com/bot.html)" "-"
75.18.164.111 - - [12/Jun/2007:21:52:13 -0400] "GET / HTTP/1.1" 200 2784 www.davemease.com "http://www.cob.sjsu.edu/mease_d/" "Mozilla/4.0 (compatible; MSIE 6.0; Windows NT 5.1; SV1)" "-"
75.18.164.111 - - [12/Jun/2007:21:52:13 -0400] "GET /favicon.ico HTTP/1.1" 404 2295 www.davemease.com "-" "Mozilla/4.0 (compatible; MSIE 6.0; Windows NT 5.1; SV1)" "-"
75.18.164.111 - - [12/Jun/2007:21:52:13 -0400] "GET /mease.jpg HTTP/1.1" 200 4583 www.davemease.com "http://www.davemease.com/" "Mozilla/4.0 (compatible; MSIE 6.0; Windows NT 5.1; SV1)" "-"
75.18.164.111 - - [12/Jun/2007:21:52:13 -0400] "GET /favicon.ico HTTP/1.1" 404 2295 www.davemease.com "-" "-" "-"
74.6.75.26 - - [12/Jun/2007:22:27:09 -0400] "GET /robots.txt HTTP/1.0" 404 2294 www.davemease.com "-" "Mozilla/5.0 (compatible; Yahoo! Slurp; http://help.yahoo.com/help/us/ysearch/slurp)" "-"
74.6.17.100 - - [12/Jun/2007:22:30:25 -0400] "GET / HTTP/1.0" 200 - www.davemease.com "-" "Mozilla/5.0 (compatible; Yahoo! Slurp; http://help.yahoo.com/help/us/ysearch/slurp)" "-"
74.6.87.40 - - [13/Jun/2007:00:33:04 -0400] "GET /robots.txt HTTP/1.0" 404 2294 www.davemease.com "-" "Mozilla/5.0 (compatible; Yahoo! Slurp; http://help.yahoo.com/help/us/ysearch/slurp)" "-"
74.6.85.212 - - [13/Jun/2007:00:33:04 -0400] "GET /football HTTP/1.0" 301 238 www.davemease.com "-" "Mozilla/5.0 (compatible; Yahoo! Slurp; http://help.yahoo.com/help/us/ysearch/slurp)" "-"
74.6.85.212 - - [13/Jun/2007:00:33:14 -0400] "GET /football/ HTTP/1.0" 200 280535 www.davemease.com "-" "Mozilla/5.0 (compatible; Yahoo! Slurp; http://help.yahoo.com/help/us/ysearch/slurp)" "-"
65.222.176.124 - - [13/Jun/2007:00:56:57 -0400] "GET / HTTP/1.1" 200 2784 www.davemease.com "-" "Mozilla/4.0 (compatible; MSIE 6.0; Windows XP)" "-"
65.222.176.124 - - [13/Jun/2007:00:56:58 -0400] "GET /football HTTP/1.1" 301 250 www.davemease.com "http://www.davemease.com/" "Mozilla/4.0 (compatible; MSIE 6.0; Windows XP)" "-"
65.222.176.124 - - [13/Jun/2007:00:56:58 -0400] "GET /papers HTTP/1.1" 301 248 www.davemease.com "http://www.davemease.com/" "Mozilla/4.0 (compatible; MSIE 6.0; Windows XP)" "-"
